{"id":156,"date":"2024-01-23T10:51:49","date_gmt":"2024-01-23T09:51:49","guid":{"rendered":"https:\/\/gops.wolamyslowska.com.pl\/?page_id=156"},"modified":"2024-02-27T10:55:55","modified_gmt":"2024-02-27T09:55:55","slug":"becikowe","status":"publish","type":"page","link":"https:\/\/gops.wolamyslowska.com.pl\/?page_id=156","title":{"rendered":"Becikowe"},"content":{"rendered":"\n<p><\/p>\n\n\n\n<p>\u201eBecikowe\u201d czyli jednorazowa zapomoga z tytu\u0142u urodzenia si\u0119 dziecka.<\/p>\n\n\n\n<p>To \u015bwiadczenie przys\u0142uguj\u0105ce po narodzinach dziecka i wynosi <strong>1&nbsp;000,00 z\u0142<\/strong> jednorazowo na ka\u017cde urodzone dziecko.<br><br><\/p>\n\n\n\n<div class=\"wp-block-media-text alignwide has-media-on-the-right is-stacked-on-mobile is-vertically-aligned-center\" style=\"grid-template-columns:auto 41%\"><div class=\"wp-block-media-text__content\">\n<h3 class=\"wp-block-heading\">Kto mo\u017ce uzyska\u0107 \u015bwiadczenie?<\/h3>\n\n\n\n<p>Ka\u017cdy, kto:<\/p>\n\n\n\n<ul class=\"wp-block-list\">\n<li>jest rodzicem nowo narodzonego dziecka,<\/li>\n\n\n\n<li>jest opiekunem prawnym dziecka (osoba, kt\u00f3rej s\u0105d powierzy\u0142 sprawowanie opieki nad dzieckiem),<\/li>\n\n\n\n<li>jest opiekunem faktycznym dziecka (osoba, kt\u00f3ra przej\u0119\u0142a opiek\u0119 nad dzieckiem i jednocze\u015bnie z\u0142o\u017cy\u0142a do s\u0105du wniosek o adopcj\u0119 dziecka).<\/li>\n<\/ul>\n\n\n\n<p><\/p>\n<\/div><figure class=\"wp-block-media-text__media\"><img loading=\"lazy\" decoding=\"async\" width=\"1024\" height=\"768\" src=\"https:\/\/gops.wolamyslowska.com.pl\/wp-content\/uploads\/2024\/01\/becikowe-81188-4_3-1024x768.jpg\" alt=\"\" class=\"wp-image-159 size-full\" srcset=\"https:\/\/gops.wolamyslowska.com.pl\/wp-content\/uploads\/2024\/01\/becikowe-81188-4_3-1024x768.jpg 1024w, https:\/\/gops.wolamyslowska.com.pl\/wp-content\/uploads\/2024\/01\/becikowe-81188-4_3-300x225.jpg 300w, https:\/\/gops.wolamyslowska.com.pl\/wp-content\/uploads\/2024\/01\/becikowe-81188-4_3-960x720.jpg 960w, https:\/\/gops.wolamyslowska.com.pl\/wp-content\/uploads\/2024\/01\/becikowe-81188-4_3.jpg 1200w\" sizes=\"auto, (max-width: 1024px) 100vw, 1024px\" \/><\/figure><\/div>\n\n\n\n<p>Prawo do becikowego przys\u0142uguje zamieszkuj\u0105cym w Polsce obywatelom polskim oraz w okre\u015blonych ustawowo przypadkach zamieszkuj\u0105cym w Polsce cudzoziemcom.<br>Je\u015bli mieszkasz poza Polsk\u0105, np. w kraju UE i z tego wzgl\u0119du nie przys\u0142uguje ci w Polsce becikowe \u2013 dowiedz si\u0119 w kraju w kt\u00f3rym mieszkasz, czy kraj ten &nbsp;przyznaje pomoc finansow\u0105 podobn\u0105 do becikowego.<\/p>\n\n\n\n<p>Osoby samotnie wychowuj\u0105ce dziecko, kt\u00f3re nie maj\u0105 zas\u0105dzonych aliment\u00f3w lub innego dokumentu przyznaj\u0105cego alimenty potwierdzonego przez s\u0105d (np. ugody lub aktu notarialnego), nie mog\u0105 uzyska\u0107 \u015bwiadczenia. Wyj\u0105tkiem s\u0105 sytuacje, gdy m.in. rodzic dziecka nie \u017cyje, ojciec dziecka jest nieznany czy s\u0105d oddali\u0142 pow\u00f3dztwo o przyznanie aliment\u00f3w.<\/p>\n\n\n\n<p><br><\/p>\n\n\n\n<h3 class=\"wp-block-heading\">Jak uzyska\u0107 \u015bwiadczenie?<\/h3>\n\n\n\n<p>Aby otrzyma\u0107 \u015bwiadczenie trzeba:<\/p>\n\n\n\n<ol class=\"wp-block-list\">\n<li>posiada\u0107 za\u015bwiadczenie wystawione przez lekarza lub po\u0142o\u017cn\u0105, kt\u00f3re potwierdza <strong>opiek\u0119 medyczn\u0105 od przynajmniej 10 tygodnia ci\u0105\u017cy<\/strong> (nie dotyczy to opiekun\u00f3w prawnych, opiekun\u00f3w faktycznych, a tak\u017ce os\u00f3b, kt\u00f3re przysposobi\u0142y dziecko)<\/li>\n\n\n\n<li>spe\u0142ni\u0107 kryterium dochodowe, kt\u00f3re wynosi <strong>1922,00 z\u0142 netto na osob\u0119 w rodzinie.<\/strong><\/li>\n\n\n\n<li>z\u0142o\u017cy\u0107 wniosek wraz z kompletem dokument\u00f3w nale\u017cy w ci\u0105gu <strong>12 miesi\u0119cy od dnia narodzin dziecka<\/strong> lub obj\u0119cia go opiek\u0105 (prawn\u0105 lub faktyczn\u0105).<\/li>\n<\/ol>\n\n\n\n<p><\/p>\n\n\n\n<p>Przy sk\u0142adaniu wniosku&nbsp;niezb\u0119dne s\u0105&nbsp;&nbsp;m.in.: dokument stwierdzaj\u0105cy to\u017csamo\u015b\u0107 wnioskodawcy i skr\u00f3cony odpis aktu urodzenia dziecka (aby do wniosku mog\u0142y zosta\u0107 do\u0142\u0105czone uwierzytelnione kopie tych dokument\u00f3w, konieczne&nbsp;jest okazanie orygina\u0142\u00f3w), za\u015bwiadczenie potwierdzaj\u0105ce pozostawanie matki dziecka pod opiek\u0105 medyczn\u0105 nie p\u00f3\u017aniej ni\u017c od 10 tygodnia ci\u0105\u017cy &nbsp;oraz pisemne o\u015bwiadczenie, \u017ce na dziecko nie zosta\u0142a ju\u017c pobrana jednorazowa zapomoga z tytu\u0142u urodzenia si\u0119 dziecka (np. przez drugiego z rodzic\u00f3w). Bli\u017csze informacje na temat wymaganych dokument\u00f3w mo\u017cna uzyska\u0107 w jednostce zajmuj\u0105cej si\u0119 wyp\u0142at\u0105 \u015bwiadcze\u0144 rodzinnych w gminie zamieszkania wnioskodawcy.<\/p>\n\n\n\n<hr class=\"wp-block-separator has-alpha-channel-opacity\"\/>\n\n\n\n<p><\/p>\n\n\n\n<p><\/p>\n","protected":false},"excerpt":{"rendered":"<p>\u201eBecikowe\u201d czyli jednorazowa zapomoga z tytu\u0142u urodzenia si\u0119 dziecka. To \u015bwiadczenie przys\u0142uguj\u0105ce po narodzinach dziecka i wynosi 1&nbsp;000,00 z\u0142 jednorazowo na ka\u017cde urodzone dziecko. Prawo do becikowego przys\u0142uguje zamieszkuj\u0105cym w Polsce obywatelom polskim oraz w okre\u015blonych ustawowo przypadkach zamieszkuj\u0105cym w Polsce cudzoziemcom.Je\u015bli mieszkasz poza Polsk\u0105, np. w kraju UE i z tego wzgl\u0119du nie przys\u0142uguje [&hellip;]<\/p>\n","protected":false},"author":3,"featured_media":0,"parent":11,"menu_order":1,"comment_status":"closed","ping_status":"closed","template":"","meta":{"footnotes":""},"class_list":["post-156","page","type-page","status-publish","hentry","entry"],"_links":{"self":[{"href":"https:\/\/gops.wolamyslowska.com.pl\/index.php?rest_route=\/wp\/v2\/pages\/156","targetHints":{"allow":["GET"]}}],"collection":[{"href":"https:\/\/gops.wolamyslowska.com.pl\/index.php?rest_route=\/wp\/v2\/pages"}],"about":[{"href":"https:\/\/gops.wolamyslowska.com.pl\/index.php?rest_route=\/wp\/v2\/types\/page"}],"author":[{"embeddable":true,"href":"https:\/\/gops.wolamyslowska.com.pl\/index.php?rest_route=\/wp\/v2\/users\/3"}],"replies":[{"embeddable":true,"href":"https:\/\/gops.wolamyslowska.com.pl\/index.php?rest_route=%2Fwp%2Fv2%2Fcomments&post=156"}],"version-history":[{"count":6,"href":"https:\/\/gops.wolamyslowska.com.pl\/index.php?rest_route=\/wp\/v2\/pages\/156\/revisions"}],"predecessor-version":[{"id":288,"href":"https:\/\/gops.wolamyslowska.com.pl\/index.php?rest_route=\/wp\/v2\/pages\/156\/revisions\/288"}],"up":[{"embeddable":true,"href":"https:\/\/gops.wolamyslowska.com.pl\/index.php?rest_route=\/wp\/v2\/pages\/11"}],"wp:attachment":[{"href":"https:\/\/gops.wolamyslowska.com.pl\/index.php?rest_route=%2Fwp%2Fv2%2Fmedia&parent=156"}],"curies":[{"name":"wp","href":"https:\/\/api.w.org\/{rel}","templated":true}]}}