{"id":290,"date":"2024-02-27T11:03:27","date_gmt":"2024-02-27T10:03:27","guid":{"rendered":"https:\/\/gops.wolamyslowska.com.pl\/?page_id=290"},"modified":"2024-02-27T11:05:16","modified_gmt":"2024-02-27T10:05:16","slug":"druki-do-pobrania","status":"publish","type":"page","link":"https:\/\/gops.wolamyslowska.com.pl\/?page_id=290","title":{"rendered":"Druki do pobrania"},"content":{"rendered":"\n<p><\/p>\n\n\n\n<p class=\"has-text-align-left\"><strong>ZASI\u0141EK RODZINNY:<\/strong><\/p>\n\n\n\n<p><\/p>\n\n\n\n<div class=\"wp-block-group\"><div class=\"wp-block-group__inner-container is-layout-constrained wp-block-group-is-layout-constrained\">\n<div class=\"wp-block-file\"><a id=\"wp-block-file--media-7e1cd456-9be7-4237-abed-b0ee02b1fb2a\" href=\"https:\/\/gops.wolamyslowska.com.pl\/wp-content\/uploads\/2024\/02\/SR-1_v9.pdf\">WNIOSEK O USTALENIE PRAWA DO ZASI\u0141KU RODZINNEGO ORAZ DODATK\u00d3W DO ZASI\u0141KU RODZINNEGO<\/a><\/div>\n<\/div><\/div>\n\n\n\n<div class=\"wp-block-file\"><a id=\"wp-block-file--media-ab292393-458a-4ffe-9d74-1452358797a8\" href=\"https:\/\/gops.wolamyslowska.com.pl\/wp-content\/uploads\/2024\/02\/SR-1Z.pdf\">ZA\u0141\u0104CZNIK DO WNIOSKU O USTALENIE PRAWA DO ZASI\u0141KU RODZINNEGO ORAZ DODATK\u00d3W DO ZASI\u0141KU RODZINNEGO &#8211; bez zmian<\/a><\/div>\n\n\n\n<div class=\"wp-block-file\"><a id=\"wp-block-file--media-eb876838-0fdf-4023-9a99-3841172081df\" href=\"https:\/\/gops.wolamyslowska.com.pl\/wp-content\/uploads\/2024\/02\/ZSR-05-05.pdf\">O\u015aWIADCZENIE WNIOSKODAWCY O DOCHODACH SWOICH ALBO CZ\u0141ONKA RODZINY OSI\u0104GNI\u0118TYCH W ROKU KALENDARZOWYM POPRZEDZAJ\u0104CYM OKRES ZASI\u0141KOWY, INNYCH NI\u017b DOCHODY PODLEGAJ\u0104CE OPODATKOWANIU PODATKIEM DOCHODOWYM OD OS\u00d3B FIZYCZNYCH NA ZASADACH OKRE\u015aLONYCH W ART. 27, ART. 30B, ART. 30C, ART. 30E I ART. 30F USTAWY Z DNIA 26 LIPCA 1991 R. O PODATKU DOCHDOWYM OD OS\u00d3B FIZYCZNYCH (aktualizacja na 05.06.2023 r. &#8211; wynikaj\u0105ca ze zmian prawnych)<\/a><\/div>\n\n\n\n<div class=\"wp-block-file\"><a id=\"wp-block-file--media-752c7906-0607-4f00-a438-c293e3f135cb\" href=\"https:\/\/gops.wolamyslowska.com.pl\/wp-content\/uploads\/2024\/02\/ZSR-07.pdf\">O\u015aWIADCZENIE WNIOSKODAWCY O WIELKO\u015aCI JEGO GOSPODARSTWA ROLNEGO ALBO GOSPODARSTWA CZ\u0141ONKA RODZINY WYRA\u017bONEJ W HEKTARACH PRZELICZENIOWYCH OG\u00d3LNEJ POWIERZCHNI W ROKU KALENDARZOWYM POPRZEDZAJ\u0104CYM OKRES ZASI\u0141KOWY (bez zmian)<\/a><\/div>\n\n\n\n<div class=\"wp-block-file\"><a id=\"wp-block-file--media-3f2f9d7d-98e6-4151-a831-5c93624ef217\" href=\"https:\/\/gops.wolamyslowska.com.pl\/wp-content\/uploads\/2024\/02\/ZSR-08.pdf\">O\u015aWIADCZENIE WNIOSKODAWCY O TERMINIE I OKRESIE, NA JAKI ZOSTA\u0141 UDZIELONY URLOP WYCHOWAWCZY, ORAZ O CO NAJMNIEJ SZE\u015aCIOMIESI\u0118CZNYM OKRESIE POZOSTAWANIA W STOSUNKU PRACY BEZPO\u015aREDNIO PRZED UZYSKANIEM PRAWA DO URLOPU WYCHOWAWCZEGO (bez zmian)<\/a><\/div>\n\n\n\n<div class=\"wp-block-file\"><a id=\"wp-block-file--media-2f639d36-4d02-4ec3-a80b-fa06e26a415e\" href=\"https:\/\/gops.wolamyslowska.com.pl\/wp-content\/uploads\/2024\/02\/ZSR-12.pdf\">O\u015aWIADCZENIE WNIOSKODAWCY POTWIERDZAJ\u0104CE TYMCZASOWE ZAMELDOWANIE UCZNIA POZA MIEJSCEM ZAMIESZKANIA (bez zmian)<\/a><\/div>\n\n\n\n<div class=\"wp-block-file\"><a id=\"wp-block-file--media-76f62900-d025-4595-9da3-cacb9f68d065\" href=\"https:\/\/gops.wolamyslowska.com.pl\/wp-content\/uploads\/2024\/02\/ZSR-10.pdf\">O\u015aWIADCZENIE WNIOSKODAWCY O NIEKORZYSTANIU PRZEZ WI\u0118CEJ NI\u017b 5 DNI W TYGODNIU Z CA\u0141ODOBOWEJ OPIEKI NAD DZIECKIEM UMIESZCZONYM W PLAC\u00d3WCE ZAPEWNIAJ\u0104CEJ CA\u0141ODOBOW\u0104 OPIEK\u0118, W TYM W SPECJALNYM O\u015aRODKU SZKOLNO-WYCHOWAWCZYM (bez zmian)<\/a><\/div>\n\n\n\n<hr class=\"wp-block-separator has-alpha-channel-opacity\"\/>\n\n\n\n<p><strong>BECIKOWE:<\/strong><\/p>\n\n\n\n<p><\/p>\n\n\n\n<div class=\"wp-block-file\"><a id=\"wp-block-file--media-a9c3f992-1b8b-42d6-bd95-ac64680c5ee1\" href=\"https:\/\/gops.wolamyslowska.com.pl\/wp-content\/uploads\/2024\/02\/SR-2-2.pdf\">WNIOSEK O USTALENIE PRAWA DO JEDNORAZOWEJ ZAPOMOGI Z TYTU\u0141U URODZENIA SI\u0118 DZIECKA (aktualizacja na 05.06.2023 r. &#8211; wynikaj\u0105ca ze zmian prawnych)<\/a><\/div>\n\n\n\n<div class=\"wp-block-file\"><a id=\"wp-block-file--media-79cea36b-7a4f-4675-85c7-5a47ab712762\" href=\"https:\/\/gops.wolamyslowska.com.pl\/wp-content\/uploads\/2024\/02\/SR-2Z.pdf\">ZA\u0141\u0104CZNIK DO WNIOSKU O USTALENIE PRAWA DO JEDNORAZOWEJ ZAPOMOGI Z TYTU\u0141U URODZENIA SI\u0118 DZIECKA &#8211; bez zmian<\/a><\/div>\n\n\n\n<div class=\"wp-block-file\"><a id=\"wp-block-file--media-f330b08b-e3b3-4501-bcce-46fa4c19ac32\" href=\"https:\/\/gops.wolamyslowska.com.pl\/wp-content\/uploads\/2024\/02\/ZSR-05-05-1-1.pdf\">O\u015aWIADCZENIE WNIOSKODAWCY O DOCHODACH SWOICH ALBO CZ\u0141ONKA RODZINY OSI\u0104GNI\u0118TYCH W ROKU KALENDARZOWYM POPRZEDZAJ\u0104CYM OKRES ZASI\u0141KOWY, INNYCH NI\u017b DOCHODY PODLEGAJ\u0104CE OPODATKOWANIU PODATKIEM DOCHODOWYM OD OS\u00d3B FIZYCZNYCH NA ZASADACH OKRE\u015aLONYCH W ART. 27, ART. 30B, ART. 30C, ART. 30E I ART. 30F USTAWY Z DNIA 26 LIPCA 1991 R. O PODATKU DOCHODOWYM OD OS\u00d3B FIZYCZNYCH (aktualizacja na 05.06.2023 r. &#8211; wynikaj\u0105ca ze zmian prawnych)<\/a><\/div>\n\n\n\n<div class=\"wp-block-file\"><a id=\"wp-block-file--media-13db816a-1964-4184-b63c-be7f8601ecd7\" href=\"https:\/\/gops.wolamyslowska.com.pl\/wp-content\/uploads\/2024\/02\/ZSR-07-1.pdf\">O\u015aWIADCZENIE WNIOSKODAWCY O WIELKO\u015aCI JEGO GOSPODARSTWA ROLNEGO ALBO GOSPODARSTWA CZ\u0141ONKA RODZINY WYRA\u017bONEJ W HEKTARACH PRZELICZENIOWYCH OG\u00d3LNEJ POWIERZCHNI W ROKU KALENDARZOWYM POPRZEDZAJ\u0104CYM OKRES ZASI\u0141KOWY &#8211; bez zmian<\/a><\/div>\n\n\n\n<hr class=\"wp-block-separator has-alpha-channel-opacity\"\/>\n\n\n\n<p><strong>POMOC \u017bYWNO\u015aCIOWA:<\/strong><\/p>\n\n\n\n<p><\/p>\n\n\n\n<div class=\"wp-block-file\"><a id=\"wp-block-file--media-e22aa5d9-3e6a-461d-89fb-40415ed7ab2d\" href=\"https:\/\/gops.wolamyslowska.com.pl\/wp-content\/uploads\/2024\/02\/Pomoc-Zywnosciowa_2024-OSWIADCZENIE.docx\">Pomoc \u017bywno\u015bciowa_2024 O\u015aWIADCZENIE<\/a><\/div>\n\n\n\n<div class=\"wp-block-file\"><a id=\"wp-block-file--media-00ce9f20-4fc4-4120-b90c-b640383a6514\" href=\"https:\/\/gops.wolamyslowska.com.pl\/wp-content\/uploads\/2024\/02\/Pomoc-Zywnosciowa_2024-SKIEROWANIE.docx\">Pomoc \u017bywno\u015bciowa_2024 SKIEROWANIE<\/a><\/div>\n\n\n\n<p><\/p>\n\n\n\n<hr class=\"wp-block-separator has-alpha-channel-opacity\"\/>\n\n\n\n<p><\/p>\n\n\n\n<p><\/p>\n\n\n\n<p><\/p>\n","protected":false},"excerpt":{"rendered":"<p>ZASI\u0141EK RODZINNY: BECIKOWE: POMOC \u017bYWNO\u015aCIOWA:<\/p>\n","protected":false},"author":3,"featured_media":0,"parent":0,"menu_order":0,"comment_status":"closed","ping_status":"closed","template":"","meta":{"footnotes":""},"class_list":["post-290","page","type-page","status-publish","hentry","entry"],"_links":{"self":[{"href":"https:\/\/gops.wolamyslowska.com.pl\/index.php?rest_route=\/wp\/v2\/pages\/290","targetHints":{"allow":["GET"]}}],"collection":[{"href":"https:\/\/gops.wolamyslowska.com.pl\/index.php?rest_route=\/wp\/v2\/pages"}],"about":[{"href":"https:\/\/gops.wolamyslowska.com.pl\/index.php?rest_route=\/wp\/v2\/types\/page"}],"author":[{"embeddable":true,"href":"https:\/\/gops.wolamyslowska.com.pl\/index.php?rest_route=\/wp\/v2\/users\/3"}],"replies":[{"embeddable":true,"href":"https:\/\/gops.wolamyslowska.com.pl\/index.php?rest_route=%2Fwp%2Fv2%2Fcomments&post=290"}],"version-history":[{"count":2,"href":"https:\/\/gops.wolamyslowska.com.pl\/index.php?rest_route=\/wp\/v2\/pages\/290\/revisions"}],"predecessor-version":[{"id":293,"href":"https:\/\/gops.wolamyslowska.com.pl\/index.php?rest_route=\/wp\/v2\/pages\/290\/revisions\/293"}],"wp:attachment":[{"href":"https:\/\/gops.wolamyslowska.com.pl\/index.php?rest_route=%2Fwp%2Fv2%2Fmedia&parent=290"}],"curies":[{"name":"wp","href":"https:\/\/api.w.org\/{rel}","templated":true}]}}