{"id":98,"date":"2024-01-22T15:16:18","date_gmt":"2024-01-22T14:16:18","guid":{"rendered":"https:\/\/gops.wolamyslowska.com.pl\/?page_id=98"},"modified":"2024-01-22T15:28:31","modified_gmt":"2024-01-22T14:28:31","slug":"posilek-w-szkole-i-w-domu","status":"publish","type":"page","link":"https:\/\/gops.wolamyslowska.com.pl\/?page_id=98","title":{"rendered":"Posi\u0142ek w szkole i w domu"},"content":{"rendered":"\n<p><\/p>\n\n\n\n<p><strong>\u015awiadczenia w ramach wieloletniego rz\u0105dowego programu &#8222;Posi\u0142ek w szkole i w domu\u201d<\/strong><\/p>\n\n\n\n<p>W ramach Programu s\u0105 realizowane dzia\u0142ania dotycz\u0105ce zapewnienia pomocy w zakresie do\u017cywiania:<\/p>\n\n\n\n<ul class=\"wp-block-list\">\n<li>dzieciom do czasu podj\u0119cia nauki w szkole podstawowej,<\/li>\n\n\n\n<li>uczniom do czasu uko\u0144czenia szko\u0142y ponadpodstawowej lub ponadgimnazjalnej,<\/li>\n\n\n\n<li>osobom i rodzinom znajduj\u0105cym si\u0119 w trudnej sytuacji \u017cyciowej, a w szczeg\u00f3lno\u015bci osobom samotnym, w podesz\u0142ym wieku, chorym i niepe\u0142nosprawnym.<\/li>\n<\/ul>\n\n\n\n<p><strong>\u015awiadczenia te realizowane s\u0105 w formie:<\/strong><\/p>\n\n\n\n<ul class=\"wp-block-list\">\n<li>posi\u0142ku,<\/li>\n\n\n\n<li>\u015bwiadczenia pieni\u0119\u017cnego na zakup posi\u0142ku lub \u017cywno\u015bci,<\/li>\n\n\n\n<li>\u015bwiadczenia rzeczowego w postaci produkt\u00f3w \u017cywno\u015bciowych.<\/li>\n<\/ul>\n\n\n\n<p>Pomoc ta mo\u017ce by\u0107 przyznana nieodp\u0142atnie osobom i rodzinom, je\u017celi doch\u00f3d osoby samotnie gospodaruj\u0105cej lub doch\u00f3d na osob\u0119 w rodzinie nie przekracza 150 % kryterium dochodowego (patrz art. 8 ust. 1 pkt 1 i 2 ustawy o pomocy spo\u0142ecznej).<\/p>\n\n\n\n<p>W szczeg\u00f3lnie uzasadnionych przypadkach, gdy ucze\u0144 albo dziecko nie spe\u0142nia wymaga\u0144, o kt\u00f3rych mowa powy\u017cej, a wyra\u017ca ch\u0119\u0107 zjedzenia posi\u0142ku, dyrektor szko\u0142y lub przedszkola informuje o\u015brodek pomocy spo\u0142ecznej, o potrzebie udzielenia pomocy w formie posi\u0142ku.<\/p>\n\n\n\n<p><\/p>\n\n\n\n<figure class=\"wp-block-image size-large\"><img loading=\"lazy\" decoding=\"async\" width=\"1024\" height=\"432\" src=\"https:\/\/gops.wolamyslowska.com.pl\/wp-content\/uploads\/2024\/01\/1920x810-1024x432.jpg\" alt=\"\" class=\"wp-image-99\" srcset=\"https:\/\/gops.wolamyslowska.com.pl\/wp-content\/uploads\/2024\/01\/1920x810-1024x432.jpg 1024w, https:\/\/gops.wolamyslowska.com.pl\/wp-content\/uploads\/2024\/01\/1920x810-300x127.jpg 300w, https:\/\/gops.wolamyslowska.com.pl\/wp-content\/uploads\/2024\/01\/1920x810-1200x506.jpg 1200w, https:\/\/gops.wolamyslowska.com.pl\/wp-content\/uploads\/2024\/01\/1920x810.jpg 1920w\" sizes=\"auto, (max-width: 1024px) 100vw, 1024px\" \/><\/figure>\n","protected":false},"excerpt":{"rendered":"<p>\u015awiadczenia w ramach wieloletniego rz\u0105dowego programu &#8222;Posi\u0142ek w szkole i w domu\u201d W ramach Programu s\u0105 realizowane dzia\u0142ania dotycz\u0105ce zapewnienia pomocy w zakresie do\u017cywiania: \u015awiadczenia te realizowane s\u0105 w formie: Pomoc ta mo\u017ce by\u0107 przyznana nieodp\u0142atnie osobom i rodzinom, je\u017celi doch\u00f3d osoby samotnie gospodaruj\u0105cej lub doch\u00f3d na osob\u0119 w rodzinie nie przekracza 150 % kryterium [&hellip;]<\/p>\n","protected":false},"author":3,"featured_media":0,"parent":9,"menu_order":2,"comment_status":"closed","ping_status":"closed","template":"","meta":{"footnotes":""},"class_list":["post-98","page","type-page","status-publish","hentry","entry"],"_links":{"self":[{"href":"https:\/\/gops.wolamyslowska.com.pl\/index.php?rest_route=\/wp\/v2\/pages\/98","targetHints":{"allow":["GET"]}}],"collection":[{"href":"https:\/\/gops.wolamyslowska.com.pl\/index.php?rest_route=\/wp\/v2\/pages"}],"about":[{"href":"https:\/\/gops.wolamyslowska.com.pl\/index.php?rest_route=\/wp\/v2\/types\/page"}],"author":[{"embeddable":true,"href":"https:\/\/gops.wolamyslowska.com.pl\/index.php?rest_route=\/wp\/v2\/users\/3"}],"replies":[{"embeddable":true,"href":"https:\/\/gops.wolamyslowska.com.pl\/index.php?rest_route=%2Fwp%2Fv2%2Fcomments&post=98"}],"version-history":[{"count":1,"href":"https:\/\/gops.wolamyslowska.com.pl\/index.php?rest_route=\/wp\/v2\/pages\/98\/revisions"}],"predecessor-version":[{"id":100,"href":"https:\/\/gops.wolamyslowska.com.pl\/index.php?rest_route=\/wp\/v2\/pages\/98\/revisions\/100"}],"up":[{"embeddable":true,"href":"https:\/\/gops.wolamyslowska.com.pl\/index.php?rest_route=\/wp\/v2\/pages\/9"}],"wp:attachment":[{"href":"https:\/\/gops.wolamyslowska.com.pl\/index.php?rest_route=%2Fwp%2Fv2%2Fmedia&parent=98"}],"curies":[{"name":"wp","href":"https:\/\/api.w.org\/{rel}","templated":true}]}}